 common factor of 6273 and 153?
153
What is the greatest common factor of 176 and 28688?
176
Calculate the highest common factor of 2700 and 100.
100
What is the highest common divisor of 56 and 532?
28
What is the greatest common divisor of 136 and 4148?
68
What is the highest common factor of 10 and 11?
1
Calculate the greatest common divisor of 493 and 136.
17
What is the highest common divisor of 18 and 10359?
9
What is the highest common divisor of 2 and 30?
2
What is the greatest common factor of 13 and 9828?
13
What is the greatest common factor of 225 and 150?
75
What is the highest common factor of 140 and 25?
5
What is the greatest common factor of 15 and 12?
3
What is the greatest common divisor of 518 and 336?
14
What is the highest common factor of 42 and 462?
42
What is the greatest common factor of 20 and 170?
10
Calculate the highest common divisor of 505 and 5.
5
Calculate the greatest common divisor of 34 and 3842.
34
Calculate the highest common divisor of 220 and 88.
44
What is the greatest common divisor of 4968 and 966?
138
What is the greatest common divisor of 6 and 486?
6
Calculate the highest common factor of 200 and 355.
5
What is the greatest common factor of 177 and 60?
3
What is the greatest common factor of 42532 and 28?
28
What is the greatest common factor of 1557 and 9?
9
Calculate the greatest common divisor of 196 and 490.
98
Calculate the highest common divisor of 1617 and 924.
231
What is the highest common factor of 80 and 304?
16
What is the highest common divisor of 12 and 4?
4
What is the greatest common factor of 8415 and 297?
99
What is the greatest common factor of 41 and 1?
1
What is the greatest common divisor of 1734 and 102?
102
What is the highest common factor of 39660 and 15?
15
What is the greatest common factor of 975 and 52?
13
What is the highest common factor of 189 and 108?
27
What is the greatest common divisor of 56 and 24?
8
What is the highest common divisor of 32 and 720?
16
What is the highest common factor of 84 and 189?
21
Calculate the highest common factor of 12 and 2970.
6
What is the highest common factor of 615 and 420?
15
What is the greatest common factor of 270 and 10071?
27
Calculate the highest common divisor of 160 and 1520.
80
Calculate the highest common divisor of 5083 and 26.
13
Calculate the highest common factor of 297 and 54.
27
What is the greatest common factor of 440 and 44?
44
What is the greatest common factor of 2691 and 234?
117
What is the highest common divisor of 149 and 4023?
149
Calculate the highest common divisor of 2075 and 249.
83
What is the greatest common divisor of 1196 and 416?
52
Calculate the greatest common divisor of 108 and 16.
4
Calculate the greatest common factor of 204 and 12.
12
Calculate the highest common factor of 9250 and 350.
50
Calculate the highest common divisor of 3034 and 820.
82
Calculate the greatest common divisor of 21 and 161.
7
What is the highest common divisor of 84 and 372?
12
Calculate the greatest common divisor of 2 and 58.
2
What is the highest common divisor of 4056 and 48?
24
Calculate the greatest common factor of 6 and 746.
2
Calculate the highest common divisor of 3350 and 1742.
134
Calculate the greatest common factor of 969 and 171.
57
What is the highest common divisor of 702 and 14976?
234
Calculate the highest common factor of 40 and 4840.
40
Calculate the greatest common divisor of 874 and 152.
38
Calculate the greatest common divisor of 1530 and 20.
10
What is the greatest common factor of 1023 and 2325?
93
What is the greatest common factor of 184 and 23?
23
Calculate the highest common divisor of 94 and 70171.
47
Calculate the greatest common factor of 1400 and 500.
100
What is the greatest common factor of 356 and 12?
4
What is the highest common divisor of 3470 and 170?
10
What is the highest common divisor of 7120 and 80?
80
What is the highest common factor of 41 and 1394?
41
What is the greatest common divisor of 25270 and 140?
70
What is the greatest common divisor of 1302 and 63?
21
Calculate the greatest common divisor of 2416 and 32.
16
Calculate the greatest common divisor of 16702 and 14.
14
Calculate the greatest common divisor of 8 and 3396.
4
What is the highest common factor of 114 and 26733?
57
What is the highest common divisor of 5495 and 315?
35
Calculate the greatest common factor of 1 and 1061.
1
What is the greatest common factor of 1107 and 984?
123
What is the greatest common divisor of 1414 and 602?
14
Calculate the greatest common divisor of 37984 and 48.
16
Calculate the highest common factor of 873 and 9.
9
What is the greatest common divisor of 64 and 800?
32
Calculate the greatest common factor of 161 and 299.
23
Calculate the greatest common divisor of 3962 and 112.
14
What is the greatest common factor of 456 and 138?
6
What is the highest common factor of 11 and 61?
1
What is the greatest common factor of 45 and 255?
15
Calculate the greatest common factor of 14 and 343.
7
Calculate the greatest common divisor of 1645 and 35.
35
What is the greatest common factor of 268 and 1005?
67
What is the highest common divisor of 188 and 1598?
94
What is the highest common divisor of 342 and 18?
18
What is the greatest common factor of 36 and 284?
4
Calculate the greatest common divisor of 16394 and 56.
14
Calculate the highest common factor of 408 and 22712.
136
Calculate the greatest common divisor of 4 and 164.
4
Calculate the greatest common factor of 218 and 2.
2
Calculate the greatest common factor of 1892 and 88.
44
What is the highest common divisor of 38 and 2014?
38
Calculate the greatest common factor of 14 and 378.
14
What is the highest common factor of 209 and 22?
11
What is the greatest common factor of 1786 and 38?
38
Calculate the highest common factor of 174 and 435.
87
What is the highest common factor of 13 and 3809?
13
Calculate the greatest common factor of 441 and 49.
49
Calculate the greatest common factor of 190 and 255.
5
Calculate the highest common divisor of 90 and 5310.
90
What is the greatest common factor of 32 and 16?
16
What is the highest common divisor of 41439 and 57?
57
What is the highest common factor of 345 and 575?
115
Calculate the highest common factor of 1771 and 322.
161
Calculate the greatest common divisor of 92 and 1564.
92
What is the greatest common factor of 24 and 1866?
6
Calculate the greatest common factor of 400 and 25.
25
Calculate the highest common factor of 11 and 253.
11
Calculate the greatest common factor of 9216 and 18.
18
Calculate the greatest common divisor of 126 and 798.
42
Calculate the highest common divisor of 42 and 1134.
42
Calculate the highest common divisor of 535 and 4494.
107
Calculate the highest common factor of 189 and 2727.
27
What is the greatest common divisor of 20 and 1396?
4
Calculate the greatest common factor of 24 and 10328.
8
What is the highest common divisor of 135 and 10?
5
What is the greatest common factor of 2397 and 51?
51
Calculate the greatest common factor of 192 and 60.
12
What is the highest common divisor of 423 and 235?
47
What is the highest common factor of 1035 and 990?
45
What is the highest common factor of 128 and 288?
32
Calculate the greatest common divisor of 315 and 420.
105
What is the highest common factor of 190 and 228?
38
Calculate the highest common factor of 10 and 130.
10
Calculate the highest common divisor of 806 and 130.
26
Calculate the greatest common factor of 8 and 408.
8
What is the greatest common factor of 552 and 372?
12
What is the highest common factor of 76 and 1672?
76
Calculate the greatest common factor of 1209 and 117.
39
Calculate the greatest common factor of 13 and 832.
13
Calculate the highest common factor of 20 and 2640.
20
What is the greatest common factor of 506 and 1298?
22
What is the highest common factor of 115 and 207?
23
What is the highest common factor of 2739 and 99?
33
What is the highest common divisor of 31353 and 21?
21
Calculate the greatest common divisor of 48 and 1984.
16
Calculate the highest common factor of 103 and 93421.
103
Calculate the greatest common divisor of 915 and 15.
15
Calculate the highest common divisor of 912 and 48.
48
What is the greatest common divisor of 80 and 22768?
16
Calculate